{"id":10,"date":"2024-06-14T14:27:13","date_gmt":"2024-06-14T17:27:13","guid":{"rendered":"https:\/\/demosites.royal-elementor-addons.com\/financial-services-v1\/?page_id=10"},"modified":"2026-03-31T12:48:55","modified_gmt":"2026-03-31T15:48:55","slug":"services","status":"publish","type":"page","link":"https:\/\/viacertatransporte.com.br\/index.php\/services\/","title":{"rendered":"Servi\u00e7os"},"content":{"rendered":"\t\t<div data-elementor-type=\"wp-page\" data-elementor-id=\"10\" class=\"elementor elementor-10\">\n\t\t\t\t<div class=\"elementor-element elementor-element-66d9eac e-flex e-con-boxed wpr-particle-no wpr-jarallax-no wpr-parallax-no wpr-sticky-section-no e-con e-parent\" data-id=\"66d9eac\" data-element_type=\"container\" data-e-type=\"container\" data-settings=\"{&quot;background_background&quot;:&quot;classic&quot;}\">\n\t\t\t\t\t<div class=\"e-con-inner\">\n\t\t<div class=\"elementor-element elementor-element-133265e e-con-full e-flex wpr-particle-no wpr-jarallax-no wpr-parallax-no wpr-sticky-section-no e-con e-child\" data-id=\"133265e\" data-element_type=\"container\" data-e-type=\"container\">\n\t\t\t\t<div class=\"elementor-element elementor-element-93aafed elementor-widget elementor-widget-heading\" data-id=\"93aafed\" data-element_type=\"widget\" data-e-type=\"widget\" data-widget_type=\"heading.default\">\n\t\t\t\t\t<h2 class=\"elementor-heading-title elementor-size-default\">Nossos servi\u00e7os\n<\/h2>\t\t\t\t<\/div>\n\t\t<div class=\"elementor-element elementor-element-66193ba e-grid e-con-boxed wpr-particle-no wpr-jarallax-no wpr-parallax-no wpr-sticky-section-no e-con e-child\" data-id=\"66193ba\" data-element_type=\"container\" data-e-type=\"container\">\n\t\t\t\t\t<div class=\"e-con-inner\">\n\t\t\t\t<div class=\"elementor-element elementor-element-0ed1161 elementor-position-top elementor-invisible elementor-widget elementor-widget-image-box\" data-id=\"0ed1161\" data-element_type=\"widget\" data-e-type=\"widget\" data-settings=\"{&quot;_animation&quot;:&quot;zoomIn&quot;}\" data-widget_type=\"image-box.default\">\n\t\t\t\t\t<div class=\"elementor-image-box-wrapper\"><figure class=\"elementor-image-box-img\"><img fetchpriority=\"high\" decoding=\"async\" width=\"430\" height=\"430\" src=\"https:\/\/viacertatransporte.com.br\/wp-content\/uploads\/2026\/03\/Design-sem-nome.png\" class=\"attachment-full size-full wp-image-1166\" alt=\"\" srcset=\"https:\/\/viacertatransporte.com.br\/wp-content\/uploads\/2026\/03\/Design-sem-nome.png 430w, https:\/\/viacertatransporte.com.br\/wp-content\/uploads\/2026\/03\/Design-sem-nome-300x300.png 300w, https:\/\/viacertatransporte.com.br\/wp-content\/uploads\/2026\/03\/Design-sem-nome-150x150.png 150w\" sizes=\"(max-width: 430px) 100vw, 430px\" \/><\/figure><div class=\"elementor-image-box-content\"><h3 class=\"elementor-image-box-title\">Transporte para empresas<\/h3><p class=\"elementor-image-box-description\">Fretamento de \u00f4nibus para eventos corporativos, viagens empresariais e deslocamentos de equipes.<\/p><\/div><\/div>\t\t\t\t<\/div>\n\t\t\t\t<div class=\"elementor-element elementor-element-684ec77 elementor-position-top elementor-invisible elementor-widget elementor-widget-image-box\" data-id=\"684ec77\" data-element_type=\"widget\" data-e-type=\"widget\" data-settings=\"{&quot;_animation&quot;:&quot;zoomIn&quot;,&quot;_animation_delay&quot;:100}\" data-widget_type=\"image-box.default\">\n\t\t\t\t\t<div class=\"elementor-image-box-wrapper\"><figure class=\"elementor-image-box-img\"><img fetchpriority=\"high\" decoding=\"async\" width=\"430\" height=\"430\" src=\"https:\/\/viacertatransporte.com.br\/wp-content\/uploads\/2026\/03\/Design-sem-nome.png\" class=\"attachment-full size-full wp-image-1166\" alt=\"\" srcset=\"https:\/\/viacertatransporte.com.br\/wp-content\/uploads\/2026\/03\/Design-sem-nome.png 430w, https:\/\/viacertatransporte.com.br\/wp-content\/uploads\/2026\/03\/Design-sem-nome-300x300.png 300w, https:\/\/viacertatransporte.com.br\/wp-content\/uploads\/2026\/03\/Design-sem-nome-150x150.png 150w\" sizes=\"(max-width: 430px) 100vw, 430px\" \/><\/figure><div class=\"elementor-image-box-content\"><h3 class=\"elementor-image-box-title\">Viagens em grupo<\/h3><p class=\"elementor-image-box-description\">Passeios tur\u00edsticos, excurs\u00f5es e viagens organizadas com conforto e seguran\u00e7a.<\/p><\/div><\/div>\t\t\t\t<\/div>\n\t\t\t\t<div class=\"elementor-element elementor-element-0e187c7 elementor-position-top elementor-invisible elementor-widget elementor-widget-image-box\" data-id=\"0e187c7\" data-element_type=\"widget\" data-e-type=\"widget\" data-settings=\"{&quot;_animation&quot;:&quot;zoomIn&quot;,&quot;_animation_delay&quot;:200}\" data-widget_type=\"image-box.default\">\n\t\t\t\t\t<div class=\"elementor-image-box-wrapper\"><figure class=\"elementor-image-box-img\"><img fetchpriority=\"high\" decoding=\"async\" width=\"430\" height=\"430\" src=\"https:\/\/viacertatransporte.com.br\/wp-content\/uploads\/2026\/03\/Design-sem-nome.png\" class=\"attachment-full size-full wp-image-1166\" alt=\"\" srcset=\"https:\/\/viacertatransporte.com.br\/wp-content\/uploads\/2026\/03\/Design-sem-nome.png 430w, https:\/\/viacertatransporte.com.br\/wp-content\/uploads\/2026\/03\/Design-sem-nome-300x300.png 300w, https:\/\/viacertatransporte.com.br\/wp-content\/uploads\/2026\/03\/Design-sem-nome-150x150.png 150w\" sizes=\"(max-width: 430px) 100vw, 430px\" \/><\/figure><div class=\"elementor-image-box-content\"><h3 class=\"elementor-image-box-title\">Passeios escolares<\/h3><p class=\"elementor-image-box-description\">Transporte seguro para escolas, excurs\u00f5es educativas e atividades pedag\u00f3gicas.<\/p><\/div><\/div>\t\t\t\t<\/div>\n\t\t\t\t<div class=\"elementor-element elementor-element-2507c10 elementor-position-top elementor-invisible elementor-widget elementor-widget-image-box\" data-id=\"2507c10\" data-element_type=\"widget\" data-e-type=\"widget\" data-settings=\"{&quot;_animation&quot;:&quot;zoomIn&quot;,&quot;_animation_delay&quot;:300}\" data-widget_type=\"image-box.default\">\n\t\t\t\t\t<div class=\"elementor-image-box-wrapper\"><figure class=\"elementor-image-box-img\"><img fetchpriority=\"high\" decoding=\"async\" width=\"430\" height=\"430\" src=\"https:\/\/viacertatransporte.com.br\/wp-content\/uploads\/2026\/03\/Design-sem-nome.png\" class=\"attachment-full size-full wp-image-1166\" alt=\"\" srcset=\"https:\/\/viacertatransporte.com.br\/wp-content\/uploads\/2026\/03\/Design-sem-nome.png 430w, https:\/\/viacertatransporte.com.br\/wp-content\/uploads\/2026\/03\/Design-sem-nome-300x300.png 300w, https:\/\/viacertatransporte.com.br\/wp-content\/uploads\/2026\/03\/Design-sem-nome-150x150.png 150w\" sizes=\"(max-width: 430px) 100vw, 430px\" \/><\/figure><div class=\"elementor-image-box-content\"><h3 class=\"elementor-image-box-title\">Viagens internacionais<\/h3><p class=\"elementor-image-box-description\">Viagens rodovi\u00e1rias para pa\u00edses da Am\u00e9rica do Sul como Argentina, Uruguai e Paraguai.<\/p><\/div><\/div>\t\t\t\t<\/div>\n\t\t\t\t<div class=\"elementor-element elementor-element-fc2f30b elementor-position-top elementor-invisible elementor-widget elementor-widget-image-box\" data-id=\"fc2f30b\" data-element_type=\"widget\" data-e-type=\"widget\" data-settings=\"{&quot;_animation&quot;:&quot;zoomIn&quot;,&quot;_animation_delay&quot;:500}\" data-widget_type=\"image-box.default\">\n\t\t\t\t\t<div class=\"elementor-image-box-wrapper\"><figure class=\"elementor-image-box-img\"><img fetchpriority=\"high\" decoding=\"async\" width=\"430\" height=\"430\" src=\"https:\/\/viacertatransporte.com.br\/wp-content\/uploads\/2026\/03\/Design-sem-nome.png\" class=\"attachment-full size-full wp-image-1166\" alt=\"\" srcset=\"https:\/\/viacertatransporte.com.br\/wp-content\/uploads\/2026\/03\/Design-sem-nome.png 430w, https:\/\/viacertatransporte.com.br\/wp-content\/uploads\/2026\/03\/Design-sem-nome-300x300.png 300w, https:\/\/viacertatransporte.com.br\/wp-content\/uploads\/2026\/03\/Design-sem-nome-150x150.png 150w\" sizes=\"(max-width: 430px) 100vw, 430px\" \/><\/figure><div class=\"elementor-image-box-content\"><h3 class=\"elementor-image-box-title\">Excurs\u00f5es<\/h3><p class=\"elementor-image-box-description\">Transporte para passeios tur\u00edsticos, eventos, grupos religiosos, esportivos ou viagens particulares.<\/p><\/div><\/div>\t\t\t\t<\/div>\n\t\t\t\t<div class=\"elementor-element elementor-element-5bf16e3 elementor-position-top elementor-invisible elementor-widget elementor-widget-image-box\" data-id=\"5bf16e3\" data-element_type=\"widget\" data-e-type=\"widget\" data-settings=\"{&quot;_animation&quot;:&quot;zoomIn&quot;,&quot;_animation_delay&quot;:400}\" data-widget_type=\"image-box.default\">\n\t\t\t\t\t<div class=\"elementor-image-box-wrapper\"><figure class=\"elementor-image-box-img\"><img fetchpriority=\"high\" decoding=\"async\" width=\"430\" height=\"430\" src=\"https:\/\/viacertatransporte.com.br\/wp-content\/uploads\/2026\/03\/Design-sem-nome.png\" class=\"attachment-full size-full wp-image-1166\" alt=\"\" srcset=\"https:\/\/viacertatransporte.com.br\/wp-content\/uploads\/2026\/03\/Design-sem-nome.png 430w, https:\/\/viacertatransporte.com.br\/wp-content\/uploads\/2026\/03\/Design-sem-nome-300x300.png 300w, https:\/\/viacertatransporte.com.br\/wp-content\/uploads\/2026\/03\/Design-sem-nome-150x150.png 150w\" sizes=\"(max-width: 430px) 100vw, 430px\" \/><\/figure><div class=\"elementor-image-box-content\"><h3 class=\"elementor-image-box-title\">Viagens para ag\u00eancias de turismo<\/h3><p class=\"elementor-image-box-description\">Parceria com ag\u00eancias de viagens para realizar excurs\u00f5es, roteiros tur\u00edsticos e viagens organizadas com conforto e estrutura.<\/p><\/div><\/div>\t\t\t\t<\/div>\n\t\t\t\t\t<\/div>\n\t\t\t\t<\/div>\n\t\t\t\t<\/div>\n\t\t\t\t\t<\/div>\n\t\t\t\t<\/div>\n\t\t\t\t<\/div>\n\t\t","protected":false},"excerpt":{"rendered":"<p>Nossos servi\u00e7os Transporte para empresas Fretamento de \u00f4nibus para eventos corporativos, viagens empresariais e deslocamentos de equipes. Viagens em grupo Passeios tur\u00edsticos, excurs\u00f5es e viagens organizadas com conforto e seguran\u00e7a. Passeios escolares Transporte seguro para escolas, excurs\u00f5es educativas e atividades pedag\u00f3gicas. Viagens internacionais Viagens rodovi\u00e1rias para pa\u00edses da Am\u00e9rica do Sul como Argentina, Uruguai e Paraguai. Excurs\u00f5es Transporte para passeios tur\u00edsticos, eventos, grupos religiosos, esportivos ou viagens particulares. Viagens para ag\u00eancias de turismo Parceria com ag\u00eancias de viagens para realizar excurs\u00f5es, roteiros tur\u00edsticos e viagens organizadas com conforto e estrutura.<\/p>\n","protected":false},"author":1,"featured_media":0,"parent":0,"menu_order":0,"comment_status":"closed","ping_status":"closed","template":"elementor_canvas","meta":{"footnotes":""},"class_list":["post-10","page","type-page","status-publish","hentry"],"_links":{"self":[{"href":"https:\/\/viacertatransporte.com.br\/index.php\/wp-json\/wp\/v2\/pages\/10","targetHints":{"allow":["GET"]}}],"collection":[{"href":"https:\/\/viacertatransporte.com.br\/index.php\/wp-json\/wp\/v2\/pages"}],"about":[{"href":"https:\/\/viacertatransporte.com.br\/index.php\/wp-json\/wp\/v2\/types\/page"}],"author":[{"embeddable":true,"href":"https:\/\/viacertatransporte.com.br\/index.php\/wp-json\/wp\/v2\/users\/1"}],"replies":[{"embeddable":true,"href":"https:\/\/viacertatransporte.com.br\/index.php\/wp-json\/wp\/v2\/comments?post=10"}],"version-history":[{"count":4,"href":"https:\/\/viacertatransporte.com.br\/index.php\/wp-json\/wp\/v2\/pages\/10\/revisions"}],"predecessor-version":[{"id":1173,"href":"https:\/\/viacertatransporte.com.br\/index.php\/wp-json\/wp\/v2\/pages\/10\/revisions\/1173"}],"wp:attachment":[{"href":"https:\/\/viacertatransporte.com.br\/index.php\/wp-json\/wp\/v2\/media?parent=10"}],"curies":[{"name":"wp","href":"https:\/\/api.w.org\/{rel}","templated":true}]}}